[INFO] cloning repository https://github.com/stevenlr/HandmadeRust
[INFO] running `Command { std: "git" "-c" "credential.helper=" "-c" "credential.helper=/workspace/cargo-home/bin/git-credential-null" "clone" "--bare" "https://github.com/stevenlr/HandmadeRust" "/workspace/cache/git-repos/https%3A%2F%2Fgithub.com%2Fstevenlr%2FHandmadeRust", kill_on_drop: false }`
[INFO] [stderr] Cloning into bare repository '/workspace/cache/git-repos/https%3A%2F%2Fgithub.com%2Fstevenlr%2FHandmadeRust'...
[INFO] running `Command { std: "git" "rev-parse" "HEAD", kill_on_drop: false }`
[INFO] [stdout] 7b73a1a1963768ccdefb9137f3c520dc476f0102
[INFO] building stevenlr/HandmadeRust against master#ff34b919075f35a1787659e9c448a34b06bab8de for issue-85264
[INFO] running `Command { std: "git" "clone" "/workspace/cache/git-repos/https%3A%2F%2Fgithub.com%2Fstevenlr%2FHandmadeRust" "/workspace/builds/worker-14/source", kill_on_drop: false }`
[INFO] [stderr] Cloning into '/workspace/builds/worker-14/source'...
[INFO] [stderr] done.
[INFO] validating manifest of git repo https://github.com/stevenlr/HandmadeRust on toolchain ff34b919075f35a1787659e9c448a34b06bab8de
[INFO] running `Command { std: "/workspace/cargo-home/bin/cargo" "+ff34b919075f35a1787659e9c448a34b06bab8de" "metadata" "--manifest-path" "Cargo.toml" "--no-deps", kill_on_drop: false }`
[INFO] started tweaking git repo https://github.com/stevenlr/HandmadeRust
[INFO] finished tweaking git repo https://github.com/stevenlr/HandmadeRust
[INFO] tweaked toml for git repo https://github.com/stevenlr/HandmadeRust written to /workspace/builds/worker-14/source/Cargo.toml
[INFO] crate git repo https://github.com/stevenlr/HandmadeRust already has a lockfile, it will not be regenerated
[INFO] running `Command { std: "/workspace/cargo-home/bin/cargo" "+ff34b919075f35a1787659e9c448a34b06bab8de" "fetch" "--manifest-path" "Cargo.toml", kill_on_drop: false }`
[INFO] [stderr]     Blocking waiting for file lock on package cache
[INFO] running `Command { std: "docker" "create" "-v" "/var/lib/crater-agent-workspace/builds/worker-14/target:/opt/rustwide/target:rw,Z" "-v" "/var/lib/crater-agent-workspace/builds/worker-14/source:/opt/rustwide/workdir:ro,Z" "-v" "/var/lib/crater-agent-workspace/cargo-home:/opt/rustwide/cargo-home:ro,Z" "-v" "/var/lib/crater-agent-workspace/rustup-home:/opt/rustwide/rustup-home:ro,Z" "-e" "SOURCE_DIR=/opt/rustwide/workdir" "-e" "CARGO_TARGET_DIR=/opt/rustwide/target" "-e" "CARGO_HOME=/opt/rustwide/cargo-home" "-e" "RUSTUP_HOME=/opt/rustwide/rustup-home" "-w" "/opt/rustwide/workdir" "-m" "1610612736" "--user" "0:0" "--network" "none" "ghcr.io/rust-lang/crates-build-env/linux@sha256:20528e8c29e4536546f0102ce88568b16ea7538393a33fcca951030f7af10457" "/opt/rustwide/cargo-home/bin/cargo" "+ff34b919075f35a1787659e9c448a34b06bab8de" "metadata" "--no-deps" "--format-version=1", kill_on_drop: false }`
[INFO] [stdout] ebd79f477c3f309be790c2a7b1cd0a8817f45627a2c9869eb488b4506756fc8b
[INFO] [stderr] WARNING: Your kernel does not support swap limit capabilities or the cgroup is not mounted. Memory limited without swap.
[INFO] running `Command { std: "docker" "start" "-a" "ebd79f477c3f309be790c2a7b1cd0a8817f45627a2c9869eb488b4506756fc8b", kill_on_drop: false }`
[INFO] running `Command { std: "docker" "inspect" "ebd79f477c3f309be790c2a7b1cd0a8817f45627a2c9869eb488b4506756fc8b", kill_on_drop: false }`
[INFO] running `Command { std: "docker" "rm" "-f" "ebd79f477c3f309be790c2a7b1cd0a8817f45627a2c9869eb488b4506756fc8b", kill_on_drop: false }`
[INFO] [stdout] ebd79f477c3f309be790c2a7b1cd0a8817f45627a2c9869eb488b4506756fc8b
[INFO] running `Command { std: "docker" "create" "-v" "/var/lib/crater-agent-workspace/builds/worker-14/target:/opt/rustwide/target:rw,Z" "-v" "/var/lib/crater-agent-workspace/builds/worker-14/source:/opt/rustwide/workdir:ro,Z" "-v" "/var/lib/crater-agent-workspace/cargo-home:/opt/rustwide/cargo-home:ro,Z" "-v" "/var/lib/crater-agent-workspace/rustup-home:/opt/rustwide/rustup-home:ro,Z" "-e" "SOURCE_DIR=/opt/rustwide/workdir" "-e" "CARGO_TARGET_DIR=/opt/rustwide/target" "-e" "CARGO_INCREMENTAL=0" "-e" "RUST_BACKTRACE=full" "-e" "RUSTFLAGS=--cap-lints=forbid" "-e" "CARGO_HOME=/opt/rustwide/cargo-home" "-e" "RUSTUP_HOME=/opt/rustwide/rustup-home" "-w" "/opt/rustwide/workdir" "-m" "1610612736" "--user" "0:0" "--network" "none" "ghcr.io/rust-lang/crates-build-env/linux@sha256:20528e8c29e4536546f0102ce88568b16ea7538393a33fcca951030f7af10457" "/opt/rustwide/cargo-home/bin/cargo" "+ff34b919075f35a1787659e9c448a34b06bab8de" "build" "--frozen" "--message-format=json", kill_on_drop: false }`
[INFO] [stdout] 9a91c3e1f55a498f362477a0088225fa08761e05f36158106de781934244f68f
[INFO] [stderr] WARNING: Your kernel does not support swap limit capabilities or the cgroup is not mounted. Memory limited without swap.
[INFO] running `Command { std: "docker" "start" "-a" "9a91c3e1f55a498f362477a0088225fa08761e05f36158106de781934244f68f", kill_on_drop: false }`
[INFO] [stderr]    Compiling fnd v0.1.0 (/opt/rustwide/workdir/fnd)
[INFO] [stderr]    Compiling win32 v0.1.0 (/opt/rustwide/workdir/win32)
[INFO] [stdout] error[E0557]: feature has been removed
[INFO] [stdout]  --> fnd/lib.rs:4:5
[INFO] [stdout]   |
[INFO] [stdout] 4 |     optin_builtin_traits,
[INFO] [stdout]   |     ^^^^^^^^^^^^^^^^^^^^ feature has been removed
[INFO] [stdout]   |
[INFO] [stdout]   = note: renamed to `auto_traits`
[INFO] [stdout] 
[INFO] [stdout] 
[INFO] [stdout] warning: unnecessary parentheses around assigned value
[INFO] [stdout]   --> win32/types.rs:75:43
[INFO] [stdout]    |
[INFO] [stdout] 75 | pub const WS_EX_OVERLAPPEDWINDOW: DWORD = (WS_EX_WINDOWEDGE | WS_EX_CLIENTEDGE);
[INFO] [stdout]    |                                           ^^^^^^^^^^^^^^^^^^^^^^^^^^^^^^^^^^^^^ help: remove these parentheses
[INFO] [stdout]    |
[INFO] [stdout]    = note: `#[warn(unused_parens)]` on by default
[INFO] [stdout] 
[INFO] [stdout] 
[INFO] [stdout] warning: unnecessary parentheses around assigned value
[INFO] [stdout]   --> win32/types.rs:76:40
[INFO] [stdout]    |
[INFO] [stdout] 76 | pub const WS_EX_PALETTEWINDOW: DWORD = (WS_EX_WINDOWEDGE | WS_EX_TOOLWINDOW | WS_EX_TOPMOST);
[INFO] [stdout]    |                                        ^^^^^^^^^^^^^^^^^^^^^^^^^^^^^^^^^^^^^^^^^^^^^^^^^^^^^ help: remove these parentheses
[INFO] [stdout] 
[INFO] [stdout] 
[INFO] [stdout] warning: unnecessary parentheses around assigned value
[INFO] [stdout]    --> win32/types.rs:111:5
[INFO] [stdout]     |
[INFO] [stdout] 111 |     (WS_OVERLAPPED | WS_CAPTION | WS_SYSMENU | WS_THICKFRAME | WS_MINIMIZEBOX | WS_MAXIMIZEBOX);
[INFO] [stdout]     |     ^^^^^^^^^^^^^^^^^^^^^^^^^^^^^^^^^^^^^^^^^^^^^^^^^^^^^^^^^^^^^^^^^^^^^^^^^^^^^^^^^^^^^^^^^^^ help: remove these parentheses
[INFO] [stdout] 
[INFO] [stdout] 
[INFO] [stdout] warning: unnecessary parentheses around assigned value
[INFO] [stdout]    --> win32/types.rs:112:35
[INFO] [stdout]     |
[INFO] [stdout] 112 | pub const WS_POPUPWINDOW: DWORD = (WS_POPUP | WS_BORDER | WS_SYSMENU);
[INFO] [stdout]     |                                   ^^^^^^^^^^^^^^^^^^^^^^^^^^^^^^^^^^^ help: remove these parentheses
[INFO] [stdout] 
[INFO] [stdout] 
[INFO] [stdout] warning: unnecessary parentheses around assigned value
[INFO] [stdout]    --> win32/types.rs:113:35
[INFO] [stdout]     |
[INFO] [stdout] 113 | pub const WS_CHILDWINDOW: DWORD = (WS_CHILD);
[INFO] [stdout]     |                                   ^^^^^^^^^^ help: remove these parentheses
[INFO] [stdout] 
[INFO] [stdout] 
[INFO] [stdout] error[E0433]: failed to resolve: use of undeclared crate or module `win32`
[INFO] [stdout]  --> fnd/dl.rs:2:5
[INFO] [stdout]   |
[INFO] [stdout] 2 | use win32::{
[INFO] [stdout]   |     ^^^^^ use of undeclared crate or module `win32`
[INFO] [stdout] 
[INFO] [stdout] 
[INFO] [stdout] error[E0432]: unresolved import `super::SystemAllocator`
[INFO] [stdout]  --> fnd/alloc/global.rs:1:32
[INFO] [stdout]   |
[INFO] [stdout] 1 | use super::{Allocator, Layout, SystemAllocator};
[INFO] [stdout]   |                                ^^^^^^^^^^^^^^^ no `SystemAllocator` in `alloc`
[INFO] [stdout] 
[INFO] [stdout] 
[INFO] [stdout] error[E0433]: failed to resolve: use of undeclared crate or module `win32`
[INFO] [stdout]  --> fnd/io/std.rs:7:5
[INFO] [stdout]   |
[INFO] [stdout] 7 | use win32::{
[INFO] [stdout]   |     ^^^^^ use of undeclared crate or module `win32`
[INFO] [stdout] 
[INFO] [stdout] 
[INFO] [stdout] error[E0432]: unresolved import `win32`
[INFO] [stdout]  --> fnd/dl.rs:2:5
[INFO] [stdout]   |
[INFO] [stdout] 2 | use win32::{
[INFO] [stdout]   |     ^^^^^ use of undeclared crate or module `win32`
[INFO] [stdout] 
[INFO] [stdout] 
[INFO] [stdout] error[E0433]: failed to resolve: use of undeclared crate or module `win32`
[INFO] [stdout]   --> fnd/sync/mutex.rs:10:5
[INFO] [stdout]    |
[INFO] [stdout] 10 | use win32::{
[INFO] [stdout]    |     ^^^^^ use of undeclared crate or module `win32`
[INFO] [stdout] 
[INFO] [stdout] 
[INFO] [stdout] error[E0432]: unresolved import `win32`
[INFO] [stdout]  --> fnd/io/std.rs:7:5
[INFO] [stdout]   |
[INFO] [stdout] 7 | use win32::{
[INFO] [stdout]   |     ^^^^^ use of undeclared crate or module `win32`
[INFO] [stdout] 
[INFO] [stdout] 
[INFO] [stdout] error[E0433]: failed to resolve: use of undeclared crate or module `win32`
[INFO] [stdout]  --> fnd/thread.rs:9:5
[INFO] [stdout]   |
[INFO] [stdout] 9 | use win32::{
[INFO] [stdout]   |     ^^^^^ use of undeclared crate or module `win32`
[INFO] [stdout] 
[INFO] [stdout] 
[INFO] [stdout] error[E0432]: unresolved import `win32`
[INFO] [stdout]   --> fnd/sync/mutex.rs:10:5
[INFO] [stdout]    |
[INFO] [stdout] 10 | use win32::{
[INFO] [stdout]    |     ^^^^^ use of undeclared crate or module `win32`
[INFO] [stdout] 
[INFO] [stdout] 
[INFO] [stdout] error[E0432]: unresolved import `win32`
[INFO] [stdout]  --> fnd/thread.rs:9:5
[INFO] [stdout]   |
[INFO] [stdout] 9 | use win32::{
[INFO] [stdout]   |     ^^^^^ use of undeclared crate or module `win32`
[INFO] [stdout] 
[INFO] [stdout] 
[INFO] [stdout] error[E0433]: failed to resolve: use of undeclared crate or module `win32`
[INFO] [stdout]  --> fnd/fs.rs:3:5
[INFO] [stdout]   |
[INFO] [stdout] 3 | use win32::{
[INFO] [stdout]   |     ^^^^^ use of undeclared crate or module `win32`
[INFO] [stdout] 
[INFO] [stdout] 
[INFO] [stdout] error[E0432]: unresolved imports `win32`, `win32::kernel32::CloseHandle`, `win32::kernel32::CreateFileW`, `win32::kernel32::FlushFileBuffers`, `win32::kernel32::ReadFile`, `win32::kernel32::SetFilePointerEx`, `win32::kernel32::WriteFile`
[INFO] [stdout]  --> fnd/fs.rs:3:5
[INFO] [stdout]   |
[INFO] [stdout] 3 | use win32::{
[INFO] [stdout]   |     ^^^^^ use of undeclared crate or module `win32`
[INFO] [stdout] 4 |     kernel32::{CloseHandle, CreateFileW, FlushFileBuffers, ReadFile, SetFilePointerEx, WriteFile},
[INFO] [stdout]   |                ^^^^^^^^^^^  ^^^^^^^^^^^  ^^^^^^^^^^^^^^^^  ^^^^^^^^  ^^^^^^^^^^^^^^^^  ^^^^^^^^^
[INFO] [stdout] 
[INFO] [stdout] 
[INFO] [stdout] error[E0425]: cannot find function, tuple struct or tuple variant `LoadLibraryW` in this scope
[INFO] [stdout]   --> fnd/dl.rs:18:31
[INFO] [stdout]    |
[INFO] [stdout] 18 |         let module = unsafe { LoadLibraryW(name.as_ptr()) };
[INFO] [stdout]    |                               ^^^^^^^^^^^^ not found in this scope
[INFO] [stdout] 
[INFO] [stdout] 
[INFO] [stdout] error[E0425]: cannot find function, tuple struct or tuple variant `GetProcAddress` in this scope
[INFO] [stdout]   --> fnd/dl.rs:40:19
[INFO] [stdout]    |
[INFO] [stdout] 40 |         let ptr = GetProcAddress(self.0, name.as_ptr()) as *mut T;
[INFO] [stdout]    |                   ^^^^^^^^^^^^^^ not found in this scope
[INFO] [stdout] 
[INFO] [stdout] 
[INFO] [stdout] error[E0425]: cannot find function, tuple struct or tuple variant `FreeLibrary` in this scope
[INFO] [stdout]   --> fnd/dl.rs:58:13
[INFO] [stdout]    |
[INFO] [stdout] 58 |             FreeLibrary(self.0);
[INFO] [stdout]    |             ^^^^^^^^^^^ not found in this scope
[INFO] [stdout] 
[INFO] [stdout] 
[INFO] [stdout] error[E0412]: cannot find type `HANDLE` in this scope
[INFO] [stdout]    --> fnd/fs.rs:109:13
[INFO] [stdout]     |
[INFO] [stdout] 109 |     handle: HANDLE,
[INFO] [stdout]     |             ^^^^^^ not found in this scope
[INFO] [stdout] 
[INFO] [stdout] 
[INFO] [stdout] error[E0425]: cannot find value `GENERIC_READ` in this scope
[INFO] [stdout]    --> fnd/fs.rs:124:31
[INFO] [stdout]     |
[INFO] [stdout] 124 |             (true, false) => (GENERIC_READ, FILE_SHARE_READ),
[INFO] [stdout]     |                               ^^^^^^^^^^^^ not found in this scope
[INFO] [stdout] 
[INFO] [stdout] 
[INFO] [stdout] error[E0425]: cannot find value `FILE_SHARE_READ` in this scope
[INFO] [stdout]    --> fnd/fs.rs:124:45
[INFO] [stdout]     |
[INFO] [stdout] 124 |             (true, false) => (GENERIC_READ, FILE_SHARE_READ),
[INFO] [stdout]     |                                             ^^^^^^^^^^^^^^^ not found in this scope
[INFO] [stdout] 
[INFO] [stdout] 
[INFO] [stdout] error[E0425]: cannot find value `GENERIC_WRITE` in this scope
[INFO] [stdout]    --> fnd/fs.rs:125:31
[INFO] [stdout]     |
[INFO] [stdout] 125 |             (false, true) => (GENERIC_WRITE, 0),
[INFO] [stdout]     |                               ^^^^^^^^^^^^^ not found in this scope
[INFO] [stdout] 
[INFO] [stdout] 
[INFO] [stdout] error[E0425]: cannot find value `GENERIC_READ` in this scope
[INFO] [stdout]    --> fnd/fs.rs:126:30
[INFO] [stdout]     |
[INFO] [stdout] 126 |             (true, true) => (GENERIC_READ | GENERIC_WRITE, 0),
[INFO] [stdout]     |                              ^^^^^^^^^^^^ not found in this scope
[INFO] [stdout] 
[INFO] [stdout] 
[INFO] [stdout] error[E0425]: cannot find value `GENERIC_WRITE` in this scope
[INFO] [stdout]    --> fnd/fs.rs:126:45
[INFO] [stdout]     |
[INFO] [stdout] 126 |             (true, true) => (GENERIC_READ | GENERIC_WRITE, 0),
[INFO] [stdout]     |                                             ^^^^^^^^^^^^^ not found in this scope
[INFO] [stdout] 
[INFO] [stdout] 
[INFO] [stdout] error[E0425]: cannot find value `OPEN_EXISTING` in this scope
[INFO] [stdout]    --> fnd/fs.rs:137:36
[INFO] [stdout]     |
[INFO] [stdout] 137 |             (true, false, _, _) => OPEN_EXISTING,
[INFO] [stdout]     |                                    ^^^^^^^^^^^^^ not found in this scope
[INFO] [stdout] 
[INFO] [stdout] 
[INFO] [stdout] error[E0425]: cannot find value `OPEN_EXISTING` in this scope
[INFO] [stdout]    --> fnd/fs.rs:138:40
[INFO] [stdout]     |
[INFO] [stdout] 138 |             (_, true, false, false) => OPEN_EXISTING,
[INFO] [stdout]     |                                        ^^^^^^^^^^^^^ not found in this scope
[INFO] [stdout] 
[INFO] [stdout] 
[INFO] [stdout] error[E0425]: cannot find value `OPEN_ALWAYS` in this scope
[INFO] [stdout]    --> fnd/fs.rs:139:39
[INFO] [stdout]     |
[INFO] [stdout] 139 |             (_, true, true, false) => OPEN_ALWAYS,
[INFO] [stdout]     |                                       ^^^^^^^^^^^ not found in this scope
[INFO] [stdout] 
[INFO] [stdout] 
[INFO] [stdout] error[E0425]: cannot find value `TRUNCATE_EXISTING` in this scope
[INFO] [stdout]    --> fnd/fs.rs:140:39
[INFO] [stdout]     |
[INFO] [stdout] 140 |             (_, true, false, true) => TRUNCATE_EXISTING,
[INFO] [stdout]     |                                       ^^^^^^^^^^^^^^^^^ not found in this scope
[INFO] [stdout] 
[INFO] [stdout] 
[INFO] [stdout] error[E0425]: cannot find value `CREATE_ALWAYS` in this scope
[INFO] [stdout]    --> fnd/fs.rs:141:38
[INFO] [stdout]     |
[INFO] [stdout] 141 |             (_, true, true, true) => CREATE_ALWAYS,
[INFO] [stdout]     |                                      ^^^^^^^^^^^^^ not found in this scope
[INFO] [stdout] 
[INFO] [stdout] 
[INFO] [stdout] error[E0425]: cannot find function, tuple struct or tuple variant `CreateFileW` in this scope
[INFO] [stdout]    --> fnd/fs.rs:146:13
[INFO] [stdout]     |
[INFO] [stdout] 146 |             CreateFileW(
[INFO] [stdout]     |             ^^^^^^^^^^^ not found in this scope
[INFO] [stdout] 
[INFO] [stdout] 
[INFO] [stdout] error[E0425]: cannot find value `FILE_ATTRIBUTE_NORMAL` in this scope
[INFO] [stdout]    --> fnd/fs.rs:152:17
[INFO] [stdout]     |
[INFO] [stdout] 152 |                 FILE_ATTRIBUTE_NORMAL,
[INFO] [stdout]     |                 ^^^^^^^^^^^^^^^^^^^^^ not found in this scope
[INFO] [stdout] 
[INFO] [stdout] 
[INFO] [stdout] error[E0425]: cannot find function, tuple struct or tuple variant `CloseHandle` in this scope
[INFO] [stdout]    --> fnd/fs.rs:170:13
[INFO] [stdout]     |
[INFO] [stdout] 170 |             CloseHandle(self.handle);
[INFO] [stdout]     |             ^^^^^^^^^^^ not found in this scope
[INFO] [stdout] 
[INFO] [stdout] 
[INFO] [stdout] error[E0425]: cannot find value `FILE_BEGIN` in this scope
[INFO] [stdout]    --> fnd/fs.rs:181:49
[INFO] [stdout]     |
[INFO] [stdout] 181 |             io::SeekOrigin::Start(distance) => (FILE_BEGIN, distance),
[INFO] [stdout]     |                                                 ^^^^^^^^^^ not found in this scope
[INFO] [stdout] 
[INFO] [stdout] 
[INFO] [stdout] error[E0425]: cannot find value `FILE_END` in this scope
[INFO] [stdout]    --> fnd/fs.rs:182:47
[INFO] [stdout]     |
[INFO] [stdout] 182 |             io::SeekOrigin::End(distance) => (FILE_END, distance),
[INFO] [stdout]     |                                               ^^^^^^^^ not found in this scope
[INFO] [stdout] 
[INFO] [stdout] 
[INFO] [stdout] error[E0425]: cannot find value `FILE_CURRENT` in this scope
[INFO] [stdout]    --> fnd/fs.rs:183:51
[INFO] [stdout]     |
[INFO] [stdout] 183 |             io::SeekOrigin::Current(distance) => (FILE_CURRENT, distance),
[INFO] [stdout]     |                                                   ^^^^^^^^^^^^ not found in this scope
[INFO] [stdout] 
[INFO] [stdout] 
[INFO] [stdout] error[E0425]: cannot find function, tuple struct or tuple variant `SetFilePointerEx` in this scope
[INFO] [stdout]    --> fnd/fs.rs:189:22
[INFO] [stdout]     |
[INFO] [stdout] 189 |             unsafe { SetFilePointerEx(self.handle, distance as _, &mut new_file_ptr, method) != 0 };
[INFO] [stdout]     |                      ^^^^^^^^^^^^^^^^ not found in this scope
[INFO] [stdout] 
[INFO] [stdout] 
[INFO] [stdout] error[E0425]: cannot find function, tuple struct or tuple variant `ReadFile` in this scope
[INFO] [stdout]    --> fnd/fs.rs:211:13
[INFO] [stdout]     |
[INFO] [stdout] 211 |             ReadFile(
[INFO] [stdout]     |             ^^^^^^^^ not found in this scope
[INFO] [stdout] 
[INFO] [stdout] 
[INFO] [stdout] error[E0425]: cannot find function, tuple struct or tuple variant `WriteFile` in this scope
[INFO] [stdout]    --> fnd/fs.rs:240:13
[INFO] [stdout]     |
[INFO] [stdout] 240 |             WriteFile(
[INFO] [stdout]     |             ^^^^^^^^^ not found in this scope
[INFO] [stdout] 
[INFO] [stdout] 
[INFO] [stdout] error[E0425]: cannot find function, tuple struct or tuple variant `FlushFileBuffers` in this scope
[INFO] [stdout]    --> fnd/fs.rs:258:32
[INFO] [stdout]     |
[INFO] [stdout] 258 |         let success = unsafe { FlushFileBuffers(self.handle) != 0 };
[INFO] [stdout]     |                                ^^^^^^^^^^^^^^^^ not found in this scope
[INFO] [stdout] 
[INFO] [stdout] 
[INFO] [stdout] error[E0425]: cannot find function, tuple struct or tuple variant `GetStdHandle` in this scope
[INFO] [stdout]   --> fnd/io/std.rs:25:41
[INFO] [stdout]    |
[INFO] [stdout] 25 |             handle: Mutex::new(unsafe { GetStdHandle(STD_OUTPUT_HANDLE) }),
[INFO] [stdout]    |                                         ^^^^^^^^^^^^ not found in this scope
[INFO] [stdout] 
[INFO] [stdout] 
[INFO] [stdout] error[E0425]: cannot find function, tuple struct or tuple variant `WriteFile` in this scope
[INFO] [stdout]   --> fnd/io/std.rs:44:13
[INFO] [stdout]    |
[INFO] [stdout] 44 |             WriteFile(
[INFO] [stdout]    |             ^^^^^^^^^ not found in this scope
[INFO] [stdout] 
[INFO] [stdout] 
[INFO] [stdout] error[E0425]: cannot find function, tuple struct or tuple variant `FlushFileBuffers` in this scope
[INFO] [stdout]   --> fnd/io/std.rs:64:32
[INFO] [stdout]    |
[INFO] [stdout] 64 |         let success = unsafe { FlushFileBuffers(*handle) != 0 };
[INFO] [stdout]    |                                ^^^^^^^^^^^^^^^^ not found in this scope
[INFO] [stdout] 
[INFO] [stdout] 
[INFO] [stdout] error[E0425]: cannot find function, tuple struct or tuple variant `AcquireSRWLockExclusive` in this scope
[INFO] [stdout]   --> fnd/sync/mutex.rs:39:13
[INFO] [stdout]    |
[INFO] [stdout] 39 |             AcquireSRWLockExclusive(self.handle.get());
[INFO] [stdout]    |             ^^^^^^^^^^^^^^^^^^^^^^^ not found in this scope
[INFO] [stdout] 
[INFO] [stdout] 
[INFO] [stdout] error[E0425]: cannot find function, tuple struct or tuple variant `ReleaseSRWLockExclusive` in this scope
[INFO] [stdout]   --> fnd/sync/mutex.rs:46:13
[INFO] [stdout]    |
[INFO] [stdout] 46 |             ReleaseSRWLockExclusive(self.handle.get());
[INFO] [stdout]    |             ^^^^^^^^^^^^^^^^^^^^^^^ not found in this scope
[INFO] [stdout] 
[INFO] [stdout] 
[INFO] [stderr]    Compiling vk v0.1.0 (/opt/rustwide/workdir/vk)
[INFO] [stdout] error[E0425]: cannot find function, tuple struct or tuple variant `CreateThread` in this scope
[INFO] [stdout]   --> fnd/thread.rs:47:13
[INFO] [stdout]    |
[INFO] [stdout] 47 |             CreateThread(
[INFO] [stdout]    |             ^^^^^^^^^^^^ not found in this scope
[INFO] [stdout] 
[INFO] [stdout] 
[INFO] [stdout] error[E0425]: cannot find function, tuple struct or tuple variant `WaitForSingleObject` in this scope
[INFO] [stdout]   --> fnd/thread.rs:63:13
[INFO] [stdout]    |
[INFO] [stdout] 63 |             WaitForSingleObject(self.handle, INFINITE);
[INFO] [stdout]    |             ^^^^^^^^^^^^^^^^^^^ not found in this scope
[INFO] [stdout] 
[INFO] [stdout] 
[INFO] [stdout] error[E0425]: cannot find function, tuple struct or tuple variant `CloseHandle` in this scope
[INFO] [stdout]   --> fnd/thread.rs:73:13
[INFO] [stdout]    |
[INFO] [stdout] 73 |             CloseHandle(self.handle);
[INFO] [stdout]    |             ^^^^^^^^^^^ not found in this scope
[INFO] [stdout] 
[INFO] [stdout] 
[INFO] [stdout] error[E0658]: negative trait bounds are not yet fully implemented; use marker types for now
[INFO] [stdout]   --> fnd/shared.rs:70:12
[INFO] [stdout]    |
[INFO] [stdout] 70 | impl<T, A> !Send for Shared<T, A>
[INFO] [stdout]    |            ^^^^^
[INFO] [stdout]    |
[INFO] [stdout]    = note: see issue #68318 <https://github.com/rust-lang/rust/issues/68318> for more information
[INFO] [stdout]    = help: add `#![feature(negative_impls)]` to the crate attributes to enable
[INFO] [stdout] 
[INFO] [stdout] 
[INFO] [stdout] error[E0658]: negative trait bounds are not yet fully implemented; use marker types for now
[INFO] [stdout]   --> fnd/shared.rs:77:12
[INFO] [stdout]    |
[INFO] [stdout] 77 | impl<T, A> !Sync for Shared<T, A>
[INFO] [stdout]    |            ^^^^^
[INFO] [stdout]    |
[INFO] [stdout]    = note: see issue #68318 <https://github.com/rust-lang/rust/issues/68318> for more information
[INFO] [stdout]    = help: add `#![feature(negative_impls)]` to the crate attributes to enable
[INFO] [stdout] 
[INFO] [stdout] 
[INFO] [stdout] error[E0658]: negative trait bounds are not yet fully implemented; use marker types for now
[INFO] [stdout]   --> fnd/shared.rs:84:12
[INFO] [stdout]    |
[INFO] [stdout] 84 | impl<T, A> !Send for Weak<T, A>
[INFO] [stdout]    |            ^^^^^
[INFO] [stdout]    |
[INFO] [stdout]    = note: see issue #68318 <https://github.com/rust-lang/rust/issues/68318> for more information
[INFO] [stdout]    = help: add `#![feature(negative_impls)]` to the crate attributes to enable
[INFO] [stdout] 
[INFO] [stdout] 
[INFO] [stdout] error[E0658]: negative trait bounds are not yet fully implemented; use marker types for now
[INFO] [stdout]   --> fnd/shared.rs:91:12
[INFO] [stdout]    |
[INFO] [stdout] 91 | impl<T, A> !Sync for Weak<T, A>
[INFO] [stdout]    |            ^^^^^
[INFO] [stdout]    |
[INFO] [stdout]    = note: see issue #68318 <https://github.com/rust-lang/rust/issues/68318> for more information
[INFO] [stdout]    = help: add `#![feature(negative_impls)]` to the crate attributes to enable
[INFO] [stdout] 
[INFO] [stdout] 
[INFO] [stdout] warning: 5 warnings emitted
[INFO] [stdout] 
[INFO] [stdout] 
[INFO] [stdout] warning: use of deprecated function `core::sync::atomic::spin_loop_hint`: use hint::spin_loop instead
[INFO] [stdout]  --> fnd/sync/once.rs:3:20
[INFO] [stdout]   |
[INFO] [stdout] 3 |     sync::atomic::{spin_loop_hint, AtomicUsize, Ordering::*},
[INFO] [stdout]   |                    ^^^^^^^^^^^^^^
[INFO] [stdout]   |
[INFO] [stdout]   = note: `#[warn(deprecated)]` on by default
[INFO] [stdout] 
[INFO] [stdout] 
[INFO] [stdout] warning: use of deprecated function `core::sync::atomic::spin_loop_hint`: use hint::spin_loop instead
[INFO] [stdout]   --> fnd/sync/once.rs:48:13
[INFO] [stdout]    |
[INFO] [stdout] 48 |             spin_loop_hint();
[INFO] [stdout]    |             ^^^^^^^^^^^^^^
[INFO] [stdout] 
[INFO] [stdout] 
[INFO] [stdout] warning: use of deprecated associated function `core::sync::atomic::AtomicUsize::compare_and_swap`: Use `compare_exchange` or `compare_exchange_weak` instead
[INFO] [stdout]   --> fnd/sync/once.rs:33:23
[INFO] [stdout]    |
[INFO] [stdout] 33 |         if self.state.compare_and_swap(UNINIT, RUNNING, Relaxed) == UNINIT
[INFO] [stdout]    |                       ^^^^^^^^^^^^^^^^
[INFO] [stdout] 
[INFO] [stdout] 
[INFO] [stdout] error: aborting due to 48 previous errors; 3 warnings emitted
[INFO] [stdout] 
[INFO] [stdout] 
[INFO] [stdout] Some errors have detailed explanations: E0412, E0425, E0432, E0433, E0557, E0658.
[INFO] [stdout] 
[INFO] [stdout] For more information about an error, try `rustc --explain E0412`.
[INFO] [stdout] 
[INFO] [stderr] error: could not compile `fnd`
[INFO] [stderr] 
[INFO] [stderr] To learn more, run the command again with --verbose.
[INFO] [stderr] warning: build failed, waiting for other jobs to finish...
[INFO] [stderr] error: build failed
[INFO] running `Command { std: "docker" "inspect" "9a91c3e1f55a498f362477a0088225fa08761e05f36158106de781934244f68f", kill_on_drop: false }`
[INFO] running `Command { std: "docker" "rm" "-f" "9a91c3e1f55a498f362477a0088225fa08761e05f36158106de781934244f68f", kill_on_drop: false }`
[INFO] [stdout] 9a91c3e1f55a498f362477a0088225fa08761e05f36158106de781934244f68f
